-2). Suppose -29*r + 23*r = 168. Let g = r + v. List the prime factors of g.
2, 11
Let d = -5 - -7. Suppose 0 = d*j + 5 + 3. What are the prime factors of (2/j)/(6/(-636))?
53
Let z be 395/35 + (-2)/7. Suppose -3*d - 5 = -h - 2*d, 0 = 2*h - d - z. Suppose h*n - n - 50 = 0. What are the prime factors of n?
2, 5
Let r = -13 - -26. Suppose 5*h - r = 12. Let q = h - -15. List the prime factors of q.
2, 5
Let c(n) = n**3 + 7*n**2 + 8*n - 6. Let f be c(-6). Let b = -14 - f. Suppose -b*p - d = -21, p - 4*d = -1 + 2. List the prime factors of p.
5
Let y(i) = -2*i**2 - 3*i + 3. Let o be y(2). Let p = o - -15. Suppose -p*s - s = -90. List the prime factors of s.
2, 3
Suppose 5*m + 7585 = 3*j, 0 = 71*j - 74*j - 2*m + 7613. What are the prime factors of j?
3, 5, 13
Suppose h + 2*h - 5*f - 8015 = 0, 0 = 5*h + 5*f - 13385. What are the prime factors of h?
5, 107
Suppose -4*v = -16, f + 12 = -5*v + 3*v. Let g be (-6)/(-10) + 652/f. Let x = 55 + g. List the prime factors of x.
23
Suppose -s - 3*w = 4*s - 141, -4*s + 98 = -5*w. Suppose -3*i = s - 144. Let x = i - 24. What are the prime factors of x?
3, 5
Suppose -518*p = -507*p - 16830. What are the prime factors of p?
2, 3, 5, 17
Let t(z) = 4*z**3 + 9*z**2 + 12*z + 11. Let s(g) = g**3 + g**2 + 1. Let q(h) = 3*s(h) - t(h). List the prime factors of q(-5).
3
Let w be (6/(-3) - -5) + 1. Let k(s) = s**3 + s**2 + 3*s - 6. Let z be k(w). Suppose -4*q = 14 - z. List the prime factors of q.
2, 3
Suppose -2*n + 27 = -21. What are the prime factors of (8/n)/(1/6)?
2
Suppose -q - 2*s - 14 = -2*q, 0 = -3*q + 3*s + 36. Suppose -4*t + 130 = -3*g + 5*g, -2*g + 106 = -2*t. Let z = g - q. List the prime factors of z.
47
List the prime factors of (-6)/15*(-1303 + -7).
2, 131
Let f = -46 - -46. List the prime factors of (69/21 - f) + 10/(-35).
3
Let d = -17 - -35. What are the prime factors of d/12 - (-310)/4?
79
Suppose 13*l - 24 = 15. Suppose -2*b = c - 123, 312 = l*b + 2*b - 2*c. List the prime factors of b.
2, 31
Let m = 5 - 6. Let l be 15 - 11 - (m - 0). Suppose 4*a - 56 = -4*c, 7 = l*a - 3. What are the prime factors of c?
2, 3
Let o(r) = 274*r**2 - 26*r - 20. What are the prime factors of o(-3)?
2, 631
Let v be (1 - 2 - 0)*74/(-2). Suppose 4*l - v = 187. List the prime factors of l.
2, 7
Let c = 339 - 98. Let t = -133 + c. What are the prime factors of t?
2, 3
Let d(h) = 3*h + 3. Let u be d(5). Let n = -14 + u. Suppose -2*j - 4*f = -0*j - 68, -3*j - n*f = -100. What are the prime factors of j?
2
Let k(t) be the third derivative of -t**6/30 - t**3/3 + 2*t**2. Let x be 3*-2*(-6)/(-18). What are the prime factors of k(x)?
2, 3, 5
List the prime factors of (-2)/10 + 6738/15.
449
Suppose -4*z - v = -2607, 0*z + 2*v = 2*z - 1296. List the prime factors of z.
3, 7, 31
Let m = -85 - -141. Let l = -15 + m. List the prime factors of l.
41
Let h(g) = -2*g**2 - 3*g - 25. Let k(i) = -i**2 - i - 12. Let y(t) = 2*h(t) - 5*k(t). Let m be y(4). Let j = 45 - m. List the prime factors of j.
23
Let t(j) = -j**2 + 20*j + 48. Let l be t(22). Let k(f) = 33*f - 8. List the prime factors of k(l).
2, 31
What are the prime factors of 4440/10 + -1 + 4?
3, 149
Let p(q) = 2*q**2 - 49 + 27 - 2*q + 183. What are the prime factors of p(0)?
7, 23
Let l = 601 + -1184. Let z be (l/22)/((-2)/(-8)). Let o = -46 - z. List the prime factors of o.
2, 3, 5
Suppose -20 + 4 = -k. List the prime factors of (3/(-6))/(2/k) + 203.
199
Let u(l) = -l**3 + 10*l**2 + 10*l + 15. Let p be u(11). Let a be p/(-10) - 18/5. Let j = 9 + a. List the prime factors of j.
5
Suppose -2*b + 4 = -2. Let g be 151*b*1/3. Suppose 21 = -5*v + g. What are the prime factors of v?
2, 13
Suppose -5*d + 5*k = -40, -5*d + 4*k + 45 = -0*k. Let o be d/(-39) - 298/6. Let l = -28 - o. What are the prime factors of l?
2, 11
Let d = -62 - -66. Let n(w) = -2*w + 3 - w + 4*w - 1. What are the prime factors of n(d)?
2, 3
Let b(p) = 29*p + 4. Let t be b(-10). Let a = t + 477. What are the prime factors of a?
191
What are the prime factors of 4794/22 + 6/66?
2, 109
Let n be 2/4 - 9/18. Suppose 164 = -n*h + 4*h. What are the prime factors of h?
41
Let p = -228 + 1493. List the prime factors of p.
5, 11, 23
Let j(y) = y + 9. Let l be j(1). What are the prime factors of 3176/l + 20/50?
2, 3, 53
Let y = -9 + 14. Suppose 2*h + 3 = -y. Let o = h + 7. What are the prime factors of o?
3
Suppose -35*o + 124180 = 1190. What are the prime factors of o?
2, 7, 251
Let c(s) = 13*s**2 - 28*s + 126. What are the prime factors of c(5)?
311
Let w = 5 + -4. Suppose 2*d = -3*d + k - w, -2*d + 4*k + 14 = 0. List the prime factors of (1 - (d - -3))*-21.
3, 7
Let p(s) = 41*s - 23. Let g be p(3). Let m(a) = -a**3 - 3*a**2 + 8*a + 6. Let r be m(-6). Let y = g - r. List the prime factors of y.
2, 17
Let k = 53 - 38. Suppose -11*r - 92 = -k*r. What are the prime factors of r?
23
Let k = -131 - -198. List the prime factors of -8 + 4 - (-1 - k).
2
Suppose 3*t + 2 - 5 = 0. Let o(x) = -x**3 + 2*x - 1. Let u be o(t). Let s = 10 + u. List the prime factors of s.
2, 5
List the prime factors of (-5050 - -2)/4*-2.
2, 631
Let s = -1170 + 1884. What are the prime factors of s?
2, 3, 7, 17
Let s = -6 - -9. Let x be 6/s - 8/1. Let o(p) = -p**2 - 8*p - 6. What are the prime factors of o(x)?
2, 3
Suppose -v - 4 = v, -4*v - 8 = 2*s. List the prime factors of (s - -1)*3 - -52.
5, 11
Suppose -2*r = -4*l - 7824, -4*r - 36*l + 31*l + 15687 = 0. List the prime factors of r.
2, 3, 653
Suppose -8 = -2*y - 2*y. Suppose 3 = y*h - 7, h = 4*t - 11. Suppose -2*m - 95 = -5*g, -38 = -t*g - 4*m + 66. List the prime factors of g.
3, 7
List the prime factors of (-5)/((-2802)/350 + 8).
5, 7
Let z(p) = -p**3 - 17*p**2 - 3*p - 5. Let y be z(-17). Let g = y - -37. What are the prime factors of g?
83
Let u(a) = -a**2 - 25*a - 6. Let t be u(-15). Let d = t - 52. What are the prime factors of d?
2, 23
Let o = -8 + 8. What are the prime factors of -23 + 57 - (4 + o)?
2, 3, 5
Let w(p) = -p**3 - 3*p**2 - 6*p - 5. Let h be w(-3). Let n = 8 + 57. List the prime factors of 2545/n + (-2)/h.
3, 13
Let o(i) = 22*i**2 + 8*i - 15. What are the prime factors of o(-6)?
3
Suppose 2 = 5*l - 5*g - 23, 5 = -g. Suppose l = -3*w - 0*w + 6. Suppose w*p = 4 + 82. List the prime factors of p.
43
Let r be (0 - -3)*-2*4/8. List the prime factors of (-442)/r*-1*33/(-22).
13, 17
Let n be ((-1)/(-3))/((-1)/(-123)). Suppose -40*o - 35 = -n*o. What are the prime factors of o?
5, 7
Suppose 4*o - 5*z + 0*z + 3 = 0, -o + 4*z = 9. Suppose -5*j - 139 = -4*x, 5*x - o*j - 69 = 3*x. What are the prime factors of x?
2, 3
Suppose 0 = -117*b + 108*b + 8964. What are the prime factors of b?
2, 3, 83
Let l(c) = 2*c**2 - 32*c + 60. List the prime factors of l(14).
2
Let u = -88 - -870. List the prime factors of u.
2, 17, 23
Let p = -9 + 29. Suppose 0 = j - 0*j - p. Suppose -l - j = -3*l. List the prime factors of l.
2, 5
Suppose 4620 + 2200 = 4*w + 3*c, 4*w = -4*c + 6820. List the prime factors of w.
5, 11, 31
Let k be (-70)/(-6) + 2/(-3). Let m be (-58)/4 + k/(-22). What are the prime factors of 5/(-1 + (-18)/m)?
5
Suppose -3*z + 12*z = 18. Suppose n = -4*l + 4*n + 632, -z*n = -4*l + 632. List the prime factors of l.
2, 79
Let t(p) = -p**3 - 11*p**2 - p - 8. Let r be t(-11). Let a = -13 + r. Let d = -7 - a. List the prime factors of d.
3
Let a be (6 - 3)/(-4 - -5). Let x = a - -15. What are the prime factors of x?
2, 3
Let t(b) = 23*b + 164. List the prime factors of t(9).
7, 53
Let o(s) = -s**3 + s**2 + 2*s - 1. Let v be o(-2). Suppose -3*n = -v - 2. Suppose -f = n*f - 76. List the prime factors of f.
19
Suppose -2*k = -5*m, -5*k - 20 = 5. Let y(o) = -29*o**3 + 3*o**2 + 2*o - 2. List the prime factors of y(m).
2, 7, 17
Let f(p) = 2*p**3 + 62*p**2 + 73*p + 62. List the prime factors of f(-29).
7, 11, 17
Let z be 8/(-36) + 141/27. Suppose -5*l - 4*s = -82, 5*s = l + 2*s - z. What are the prime factors of l?
2, 7
Let a be ((-10)/8)/(1*(-2)/8). Suppose 4*c + u = 884, a*u = c - 0*c - 242. List the prime factors of c.
2, 3, 37
Let w(c) = -82*c**3 + 5*c**2 + 8*c + 9. What are the prime factors of w(-3)?
2, 3, 11, 17
Let q(r) = r**3 + 6*r**2 + 5. Let t be q(-6). Let n = 106 + -57. Suppose -89 = -4*m - t*f, 4*m - 4*f + f - n = 0. What are the prime factors of m?
2
Let u(j) = 2*j**2 - 8*j + 7. Suppose -5*r = m + 25, 